ist the prime factors of 328913.
13, 25301
List the prime factors of 3558377.
19, 9857
List the prime factors of 3196655.
5, 7, 11, 19, 23
What are the prime factors of 319602?
2, 3, 53267
List the prime factors of 1863464.
2, 109, 2137
List the prime factors of 3301328.
2, 23, 8971
List the prime factors of 3369396.
2, 3, 61, 4603
List the prime factors of 2379064.
2, 31, 53, 181
What are the prime factors of 254131?
67, 3793
List the prime factors of 13601958.
2, 3, 2266993
What are the prime factors of 2336416?
2, 73013
List the prime factors of 2874685.
5, 11, 52267
List the prime factors of 5754847.
7, 29, 28349
What are the prime factors of 668278?
2, 13, 25703
List the prime factors of 3145961.
7, 13, 181, 191
What are the prime factors of 264988?
2, 31, 2137
List the prime factors of 1561214.
2, 163, 4789
What are the prime factors of 3813775?
5, 7, 19, 31, 37
List the prime factors of 181763.
181763
List the prime factors of 517795.
5, 29, 3571
What are the prime factors of 365188?
2, 91297
List the prime factors of 453352.
2, 61, 929
What are the prime factors of 786814?
2, 7, 43, 1307
List the prime factors of 24092.
2, 19, 317
What are the prime factors of 344912?
2, 21557
What are the prime factors of 1020?
2, 3, 5, 17
What are the prime factors of 344552?
2, 13, 3313
What are the prime factors of 786663?
3, 87407
List the prime factors of 58854.
2, 3, 17, 577
List the prime factors of 31144160.
2, 5, 61, 3191
List the prime factors of 6390392.
2, 798799
List the prime factors of 2119313.
7, 302759
List the prime factors of 525364.
2, 7, 29, 647
List the prime factors of 51832.
2, 11, 19, 31
What are the prime factors of 1011705?
3, 5, 67447
What are the prime factors of 468887?
468887
What are the prime factors of 7675548?
2, 3, 523, 1223
List the prime factors of 1039848.
2, 3, 37, 1171
List the prime factors of 3611746.
2, 1805873
List the prime factors of 17724.
2, 3, 7, 211
What are the prime factors of 1259404?
2, 314851
List the prime factors of 629074.
2, 37, 8501
List the prime factors of 620639.
620639
What are the prime factors of 249320?
2, 5, 23, 271
List the prime factors of 8493608.
2, 17, 19, 173
List the prime factors of 112450.
2, 5, 13, 173
What are the prime factors of 1239747?
3, 79, 5231
What are the prime factors of 15702963?
3, 5234321
What are the prime factors of 300119?
300119
What are the prime factors of 136913?
7, 19559
List the prime factors of 116102.
2, 7, 8293
List the prime factors of 209369.
23, 9103
List the prime factors of 3275263.
83, 39461
List the prime factors of 302096.
2, 79, 239
What are the prime factors of 255162?
2, 3, 23, 43
List the prime factors of 1529268.
2, 3, 13, 9803
What are the prime factors of 2745196?
2, 19, 41, 881
List the prime factors of 778728.
2, 3, 71, 457
List the prime factors of 499057.
13, 2953
List the prime factors of 127497.
3, 42499
List the prime factors of 607685.
5, 13, 9349
List the prime factors of 1996135.
5, 399227
What are the prime factors of 21480612?
2, 3, 1790051
List the prime factors of 58723.
7, 8389
List the prime factors of 436272.
2, 3, 61, 149
What are the prime factors of 1211779?
1211779
What are the prime factors of 6600141?
3, 479, 1531
What are the prime factors of 191437?
17, 11261
What are the prime factors of 4066189?
37, 109897
What are the prime factors of 10256446?
2, 43, 239, 499
List the prime factors of 4721997.
3, 7, 71, 3167
List the prime factors of 8226781.
8226781
What are the prime factors of 254573?
11, 23143
What are the prime factors of 1616958?
2, 3, 7, 41, 313
List the prime factors of 22981488.
2, 3, 19, 113, 223
What are the prime factors of 657215?
5, 13, 10111
What are the prime factors of 415554?
2, 3, 69259
What are the prime factors of 10108236?
2, 3, 842353
List the prime factors of 330026.
2, 31, 5323
What are the prime factors of 555637?
555637
List the prime factors of 1437779.
7, 205397
What are the prime factors of 916432?
2, 11, 41, 127
What are the prime factors of 9791315?
5, 43, 45541
List the prime factors of 4548102.
2, 3, 13, 58309
List the prime factors of 239945.
5, 37, 1297
What are the prime factors of 1596825?
3, 5, 47, 151
What are the prime factors of 7635548?
2, 31, 139, 443
List the prime factors of 232041.
3, 77347
List the prime factors of 216820.
2, 5, 37, 293
List the prime factors of 804825.
3, 5, 7, 73
List the prime factors of 363208.
2, 83, 547
List the prime factors of 98942.
2, 61, 811
List the prime factors of 125466.
2, 3, 11, 1901
List the prime factors of 361115.
5, 72223
List the prime factors of 5704531.
7, 47, 2477
List the prime factors of 2708381.
13, 208337
List the prime factors of 20430873.
3, 252233
List the prime factors of 234340.
2, 5, 11717
What are the prime factors of 988656?
2, 3, 43, 479
List the prime factors of 10412941.
7, 11, 19319
What are the prime factors of 4959024?
2, 3, 7, 14759
List the prime factors of 2328711.
3, 7, 11, 17, 593
List the prime factors of 26386146.
2, 3, 31, 47287
List the prime factors of 154841.
154841
What are the prime factors of 1178197?
1178197
List the prime factors of 175162.
2, 13, 6737
List the prime factors of 1162357.
7, 47, 3533
List the prime factors of 570196.
2, 11, 12959
What are the prime factors of 62521?
103, 607
What are the prime factors of 136088?
2, 17011
List the prime factors of 6252001.
7, 37, 101, 239
List the prime factors of 1162421.
13, 89417
What are the prime factors of 2407794?
2, 3, 19, 21121
What are the prime factors of 869802?
2, 3, 144967
List the prime factors of 16622202.
2, 3, 2770367
List the prime factors of 5519795.
5, 67, 16477
What are the prime factors of 6668218?
2, 3334109
What are the prime factors of 30533?
19, 1607
List the prime factors of 7519221.
3, 835469
List the prime factors of 849428.
2, 73, 2909
List the prime factors of 1175929.
19, 59, 1049
List the prime factors of 6323258.
2, 3161629
List the prime factors of 85280.
2, 5, 13, 41
What are the prime factors of 966878?
2, 11, 71, 619
List the prime factors of 4473918.
2, 3, 199, 1249
What are the prime factors of 2505766?
2, 17, 73699
List the prime factors of 369773.
67, 5519
What are the prime factors of 22705330?
2, 5, 31, 73243
What are the prime factors of 3566410?
2, 5, 67, 5323
What are the prime factors of 186800?
2, 5, 467
List the prime factors of 3707347.
7, 23, 23027
What are the prime factors of 386522?
2, 193261
What are the prime factors of 128194?
2, 11, 5827
List the prime factors of 1729280.
2, 5, 7, 193
What are the prime factors of 1237867?
1237867
What are the prime factors of 13757845?
5, 17, 9521
List the prime factors of 450067.
450067
What are the prime factors of 1103711?
7, 29, 5437
What are the prime factors of 712607?
7, 14543
What are the prime factors of 130452?
2, 3, 7, 1553
What are the prime factors of 4705214?
2, 1367, 1721
What are the prime factors of 801420?
2, 3, 5, 19, 37
List the prime factors of 5073984.
2, 3, 23, 383
List the prime factors of 346.
2, 173
What are the prime factors of 202183?
202183
What are the prime factors of 9761491?
59, 165449
List the prime factors of 21283791.
3, 7094597
What are the prime factors of 1008099?
3, 37337
What are the prime factors of 1048771?
439, 2389
List the prime factors of 20867896.
2, 7, 191, 1951
List the prime factors of 1375285.
5, 23, 11959
List the prime factors of 528279.
3, 293, 601
List the prime factors of 1699075.
5, 7, 19, 73
List the prime factors of 12828129.
3, 4276043
What are the prime factors of 15760149?
3, 5253383
List the prime factors of 229714.
2, 331, 347
What are the prime factors of 562907?
131, 4297
What are the prime factors of 3388062?
2, 3, 61, 9257
What are the prime factors of 426099?
3, 173, 821
What are the prime factors of 33476377?
11, 41, 199, 373
What are the prime factors of 218322?
2, 3, 13, 311
List the prime factors of 6680070.
2, 3, 5, 2749
What are the prime factors of 340241?
11, 30931
What are the prime factors of 21661698?
2, 3, 3610283
What are the prime factors of 8155786?
2, 29, 140617
List the prime factors of 30308528.
2, 1894283
What are the prime factors of 1933464?
2, 3, 13, 6197
What are the prime factors of 6403001?
11, 43, 13537
List the prime factors of 4375147.
7, 617